5768?
72
What is the greatest common factor of 2673 and 9234?
243
What is the greatest common factor of 27722 and 3154?
166
What is the highest common divisor of 494 and 48754?
38
Calculate the highest common factor of 1640 and 1920.
40
What is the greatest common factor of 2178 and 25839?
99
What is the greatest common factor of 3060687 and 6?
3
What is the highest common divisor of 5600 and 120288?
224
Calculate the highest common divisor of 116616 and 11752.
904
What is the greatest common factor of 1054 and 120819?
17
What is the highest common factor of 30246 and 6?
6
What is the highest common divisor of 516 and 15179?
43
What is the greatest common divisor of 1408 and 3040?
32
What is the highest common divisor of 1552 and 45712?
16
What is the highest common factor of 36261 and 54?
27
Calculate the greatest common divisor of 442 and 5252.
26
Calculate the greatest common factor of 21071 and 95.
19
What is the greatest common factor of 263 and 17040033?
263
What is the highest common factor of 230447 and 147?
49
What is the greatest common divisor of 2183 and 74?
37
What is the greatest common divisor of 72825 and 69?
3
Calculate the greatest common divisor of 45 and 77115.
15
What is the highest common factor of 141 and 44321?
47
Calculate the highest common divisor of 34 and 12359.
17
Calculate the greatest common factor of 78 and 255528.
78
What is the highest common divisor of 60 and 551190?
30
What is the greatest common factor of 199773 and 324?
27
What is the highest common factor of 142 and 2134?
2
What is the highest common factor of 2226 and 70?
14
What is the greatest common divisor of 1680 and 300864?
48
What is the greatest common factor of 5400165 and 521?
521
Calculate the greatest common factor of 884 and 765.
17
Calculate the greatest common divisor of 255 and 49725.
255
Calculate the highest common divisor of 59785 and 55.
55
What is the greatest common factor of 54 and 22050?
18
Calculate the greatest common divisor of 53532 and 144.
36
Calculate the highest common factor of 108157 and 287.
7
Calculate the greatest common divisor of 402725 and 50.
25
What is the highest common divisor of 36430 and 4?
2
What is the greatest common divisor of 492 and 911758?
82
What is the highest common factor of 1139 and 6499?
67
What is the greatest common factor of 219 and 2089479?
219
Calculate the greatest common factor of 2464 and 14119.
7
Calculate the highest common divisor of 1567223 and 5574.
929
What is the greatest common factor of 2720 and 1972?
68
Calculate the greatest common divisor of 4049996 and 236.
236
Calculate the highest common divisor of 7289 and 3885.
37
Calculate the greatest common divisor of 32204 and 664.
332
What is the greatest common divisor of 9087 and 2405?
13
What is the highest common factor of 23651 and 6001?
353
What is the highest common factor of 29402 and 964?
482
What is the highest common divisor of 792218 and 1136?
142
Calculate the greatest common factor of 28 and 19852.
28
Calculate the greatest common divisor of 338 and 138242.
338
What is the greatest common factor of 246 and 137678?
82
Calculate the highest common factor of 920 and 480.
40
Calculate the highest common factor of 272 and 537319.
17
What is the greatest common factor of 1239 and 98117?
59
What is the highest common factor of 4 and 2189596?
4
Calculate the greatest common factor of 11 and 2731.
1
What is the highest common divisor of 242020 and 160?
20
Calculate the highest common factor of 105717 and 18561.
807
What is the greatest common divisor of 5310 and 25290?
90
What is the greatest common divisor of 2746 and 310?
2
Calculate the greatest common factor of 4470 and 4260.
30
What is the greatest common divisor of 20 and 451020?
20
Calculate the highest common divisor of 59251 and 193.
193
Calculate the highest common divisor of 15736134 and 618.
618
Calculate the highest common divisor of 378 and 68382.
18
Calculate the highest common factor of 9476 and 828.
92
What is the greatest common factor of 1146 and 24830?
382
Calculate the greatest common divisor of 30880 and 544.
32
Calculate the greatest common factor of 356712 and 1602.
534
Calculate the highest common divisor of 4867855 and 1335.
445
What is the highest common divisor of 383430 and 18?
6
What is the greatest common factor of 2275 and 3822?
91
What is the greatest common factor of 5038416 and 321?
321
Calculate the greatest common divisor of 434475 and 27.
9
What is the highest common divisor of 7373 and 9?
1
What is the highest common divisor of 1170 and 6942?
78
What is the highest common factor of 18 and 357039?
9
Calculate the greatest common factor of 370 and 98760.
10
What is the highest common divisor of 21 and 43225?
7
What is the greatest common divisor of 35728 and 1682?
58
Calculate the highest common factor of 45 and 44115.
15
Calculate the greatest common divisor of 78285 and 10.
5
Calculate the greatest common divisor of 7587 and 1728.
27
What is the highest common factor of 1715 and 20755?
35
What is the highest common factor of 1786 and 6298?
94
What is the highest common divisor of 46 and 93817?
23
Calculate the greatest common factor of 495 and 356235.
165
What is the highest common divisor of 4166795 and 10925?
2185
Calculate the greatest common divisor of 275 and 37550.
25
Calculate the greatest common divisor of 3863632 and 1104.
368
What is the greatest common factor of 17138 and 89452?
418
Calculate the highest common factor of 172535 and 847.
11
Calculate the greatest common divisor of 4523 and 1.
1
Calculate the highest common factor of 13 and 426127.
13
What is the highest common divisor of 8840 and 351?
13
Calculate the greatest common divisor of 558 and 384338.
62
Calculate the highest common factor of 147251 and 235.
47
Calculate the highest common factor of 2336 and 2512.
16
Calculate the highest common factor of 2912375 and 250.
125
What is the greatest common divisor of 405 and 697572?
81
Calculate the greatest common divisor of 247 and 2158.
13
Calculate the highest common factor of 2412 and 6298.
134
Calculate the greatest common divisor of 354800 and 4.
4
Calculate the greatest common divisor of 13 and 807677.
13
Calculate the highest common divisor of 7739 and 5680.
71
Calculate the greatest common divisor of 34161 and 15.
3
What is the highest common factor of 23166 and 131976?
702
Calculate the greatest common divisor of 26865 and 837.
27
What is the highest common divisor of 7590 and 6336?
66
Calculate the greatest common divisor of 2036 and 3476.
4
What is the greatest common factor of 3597246 and 46?
46
What is the greatest common divisor of 155702 and 112792?
1226
Calculate the highest common factor of 229010 and 5.
5
Calculate the greatest common factor of 207 and 507.
3
Calculate the highest common factor of 300 and 2760.
60
Calculate the highest common divisor of 157269 and 21.
21
Calculate the highest common factor of 2916945 and 369.
369
What is the greatest common divisor of 42 and 239442?
42
What is the highest common divisor of 179944 and 249?
83
What is the greatest common factor of 28 and 296429?
7
Calculate the highest common factor of 1268556 and 1830.
366
Calculate the greatest common divisor of 266189 and 88.
11
Calculate the highest common divisor of 4565 and 6225.
415
What is the highest common divisor of 286 and 13574?
22
Calculate the greatest common divisor of 119 and 765646.
119
Calculate the greatest common factor of 64 and 15072.
32
What is the greatest common divisor of 500 and 4605000?
500
What is the greatest common factor of 805256 and 2976?
248
What is the highest common factor of 50 and 515650?
50
Calculate the highest common factor of 119560 and 4392.
488
Calculate the greatest common divisor of 9340 and 20.
20
Calculate the greatest common divisor of 1424712 and 3016.
232
Calculate the highest common divisor of 22245344 and 44.
44
Calculate the greatest common divisor of 318 and 204951.
159
Calculate the greatest common factor of 2088 and 5544.
72
What is the highest common divisor of 108 and 33172?
4
Calculate the highest common factor of 82 and 814.
2
What is the greatest common factor of 252 and 4590558?
126
What is the greatest common divisor of 4979764 and 116?
116
What is the 